at is 99 - -8?
a6
In base 11, what is 165 - 2?
163
In base 8, what is 1000 - 1?
777
In base 4, what is -3 - 10030?
-10033
In base 13, what is -194 + 4?
-190
In base 3, what is -1 + 122212?
122211
In base 13, what is -c8 + 29?
-9c
In base 16, what is -2a + -10?
-3a
In base 6, what is -441 + -4?
-445
In base 13, what is -2 + a10?
a0b
In base 13, what is 5 + 9?
11
In base 11, what is -23 - 166?
-189
In base 7, what is 2011 + -6?
2002
In base 4, what is 23 + -2?
21
In base 7, what is 53 - 4?
46
In base 6, what is 11452 - 3?
11445
In base 15, what is -17 + -1c5?
-1dc
In base 13, what is -2b + 5?
-26
In base 13, what is 2 - -7?
9
In base 2, what is -1000001 - 101?
-1000110
In base 4, what is 3 - -302?
311
In base 6, what is 44 + 545?
1033
In base 10, what is 10 - 1847?
-1837
In base 12, what is -3 + -27?
-2a
In base 11, what is -5 + -2158?
-2162
In base 4, what is -21 + -22112?
-22133
In base 6, what is -5 + -4404?
-4413
In base 4, what is 10202 + 122?
10330
In base 15, what is 0 - e68?
-e68
In base 9, what is 2100 - -3?
2103
In base 9, what is 707 - 2?
705
In base 14, what is -d + 4?
-9
In base 2, what is -11 + 11?
0
In base 13, what is -3 - -49?
46
In base 14, what is -3 - -bb3?
bb0
In base 5, what is -10 - 442?
-1002
In base 16, what is 0 - -9c?
9c
In base 16, what is 10f - 3?
10c
In base 7, what is 12 + -1166?
-1154
In base 8, what is 107 - 121?
-12
In base 16, what is 84 - -3?
87
In base 9, what is 162 - 5?
156
In base 8, what is -5 - 42?
-47
In base 5, what is -33040 - 0?
-33040
In base 14, what is 2 + -1920?
-191c
In base 7, what is 11 - -61?
102
In base 4, what is 111 - 232?
-121
In base 11, what is -1a03 - -3?
-1a00
In base 14, what is -1 - -30?
2d
In base 12, what is 4 - -574?
578
In base 5, what is -3410 + 4?
-3401
In base 12, what is -11 - -623?
612
In base 16, what is 5 + -65?
-60
In base 12, what is 366 + -3?
363
In base 3, what is 10001 - 211?
2020
In base 14, what is 4 - -22?
26
In base 4, what is 111 - 20?
31
In base 3, what is -112 - 200110?
-200222
In base 4, what is 1202 + 223?
2031
In base 7, what is -22 + -14?
-36
In base 2, what is -111001 + 11?
-110110
In base 9, what is -5 + 45?
40
In base 6, what is 3233 + 5?
3242
In base 14, what is -1 + -69?
-6a
In base 7, what is -20 - 155?
-205
In base 6, what is 0 + -411?
-411
In base 4, what is 0 + -13?
-13
In base 5, what is -2 + 3142?
3140
In base 10, what is -22 + -58?
-80
In base 2, what is 1 - -11100?
11101
In base 2, what is 110111111011101 - 11?
110111111011010
In base 16, what is 12 + de?
f0
In base 15, what is 4 - -14?
18
In base 4, what is 0 + -1202?
-1202
In base 11, what is -3 + 47?
44
In base 6, what is 2 + -1313?
-1311
In base 5, what is -1 + -302?
-303
In base 16, what is -3 + -32?
-35
In base 14, what is -2 + -47?
-49
In base 7, what is 130 - -60?
220
In base 11, what is -20 + -227?
-247
In base 7, what is 144 - 423?
-246
In base 5, what is 110101 + 2?
110103
In base 3, what is -22110 + 0?
-22110
In base 13, what is -105 - 13?
-118
In base 3, what is 101 - 201?
-100
In base 4, what is 1231 + 0?
1231
In base 11, what is 4a1 + -5?
497
In base 9, what is -3 - 18?
-22
In base 8, what is -62650 - 5?
-62655
In base 8, what is 2 - -16?
20
In base 15, what is 735 + -1?
734
In base 16, what is -3 - 53?
-56
In base 8, what is -27 - 2?
-31
In base 12, what is -4 - 90?
-94
In base 15, what is -27c - -5?
-277
In base 16, what is 14e + 3?
151
In base 6, what is 3 - 301?
-254
In base 15, what is -5 + -37?
-3c
In base 8, what is -3 - 2652?
-2655
In base 10, what is -649 - 0?
-649
In base 3, what is -21 + -1011222?
-1012020
In base 12, what is 41 - -4?
45
In base 11, what is -21 - 7?
-28
In base 13, what is 17c2 + -6?
17b9
In base 13, what is 35a + -2?
358
In base 14, what is 0 + 58?
58
In base 2, what is -1 + 0?
-1
In base 3, what is 2222111 - 11?
2222100
In base 15, what is -1e + 1d?
-1
In base 8, what is -161 - 5?
-166
In base 13, what is 67 - 8?
5c
In base 12, what is -1 + 1b3?
1b2
In base 15, what is 1 - c6c?
-c6b
In base 11, what is 252 - -4?
256
In base 16, what is 13 - 4?
f
In base 7, what is 24306 - -2?
24311
In base 10, what is 23 + -2?
21
In base 6, what is -5 - -430?
421
In base 13, what is 4b - -21?
6c
In base 14, what is -739 + -5?
-740
In base 4, what is -201 - -310?
103
In base 15, what is 58b - 5?
586
In base 7, what is -4 + -221?
-225
In base 9, what is 740 - -15?
755
In base 5, what is 10 - -21110?
21120
In base 10, what is -4963 - 6?
-4969
In base 2, what is -1100 + 111101?
110001
In base 7, what is 10 - 25?
-15
In base 5, what is -24 + -30?
-104
In base 4, what is -2 + -331?
-333
In base 5, what is -301 + -131?
-432
In base 14, what is d - -46?
55
In base 5, what is 21 - 112?
-41
In base 4, what is 2 + 10021?
10023
In base 10, what is -14 + 1632?
1618
In base 11, what is 1207 + 0?
1207
In base 12, what is -2 + 1b28?
1b26
In base 10, what is 1 + 83?
84
In base 11, what is -a345 + -3?
-a348
In base 3, what is -22 + -101?
-200
In base 16, what is -4 - -6a?
66
In base 10, what is -16 + -80?
-96
In base 9, what is -18 + -11?
-30
In base 15, what is -517 + 4?
-513
In base 5, what is -10 - -11?
1
In base 7, what is -1261 - 1?
-1262
In base 6, what is -100 + 335?
235
In base 12, what is 42 - 8?
36
In base 5, what is 1201 + 4?
1210
In base 15, what is 17 + -1d?
-6
In base 4, what is 0 + 13011?
13011
In base 10, what is 12 + -1?
11
In base 5, what is 112 - 2211?
-2044
In base 8, what is -205 - -15?
-170
In base 7, what is -164 - -5?
-156
In base 13, what is -3 + 14b?
148
In base 14, what is 13c - 4?
138
In base 5, what is 323 - -121?
444
In base 13, what is -45 + -10?
-55
In base 11, what is 281 - 1?
280
In base 10, what is -5 + -1?
-6
In base 10, what is -44 + 79?
35
In base 2, what is 11000110111 - 111?
11000110000
In base 14, what is 6a07 - -2?
6a09
In base 11, what is 14 + 381?
395
In base 3, what is -1022 - 12?
-1111
In base 3, what is -12 + 1012022?
1012010
In base 9, what is 156 + 5?
162
In base 16, what is -8 + -e9?
-f1
In base 14, what is -1a - -6c?
52
In base 6, what is -233 - 20?
-253
In base 7, what is -100250 + -4?
-100254
In base 9, what is -3 - -833?
830
In base 5, what is 1200 + 3?
1203
In base 5, what is 2 - -13003?
13010
In base 12, what is -b594 + -3?
-b597
In base 15, what is 84 - -9?
8d
In base 11, what is 3 - -41?
44
In base 9, what is -4 - 1152?
-1156
In base 4, what is 2 + 1103?
1111
In base 9, what is -6510 - -2?
-6507
In base 5, what is -34112 - -2?
-34110
In base 4, what is -20 + -330?
-1010
In base 14, what is -2 - 199?
-19b
In base 16, what is 60 + -1?
5f
In base 11, what is 6 - -8?
13
In base 2, what is 101 + -100000000?
-11111011
In base 7, what is -24505 + 0?
-24505
In base 5, what is -422103 + -10?
-422113
In base 5, what is 1234 - -13?
1302
In base 7, what is 15 - -134?
152
In base 10, what is 14207 + -2?
14205
In base 10, what is 0 - -8?
8
In base 6, what is -55 - 230?
-325
In base 13, what is -3 + 145?
142
In base 4, what is 10 - 30100?
-30030
In base 3, what is 0 + 21200?
21200
In base 9, what is -455 + -3?
-458
In base 16, what is 3 - -153?
156
In base 16, what is 212 + -2?
210
In base 16, what is 4 - 110f?
-110b
In base 13, what is 3 - 57?
-54
In base 9, what is 784 + -4?
780
In base 6, what is 53005 - -5?
53014
In base 16, what is -b6 - 4?
-ba
In base 13, what is -19 + 33?
17
In base 7, what is -3 + -124?
-130
In base 4, what is 1 + -123?
-122
In base 4, what is -10 + 1222132?
1222122
In base 5, what is 13 + 0?
13
In base 9, what is 467 + 5?
473
In base 9, what is -77 - -6?
-71
In base 14, what is 1d - 7?
16
In base 5, what is 32024 + 1?
32030
In base 12, what is -35 + -3?
-38
In base 12, what is 5 + -19?
-14
In base 4, what is 1001 - -2?
1003
In base 4, what is -1131 - 112?
-1303
In base 15, what is -135 - -4?
-131
In base 9, what is -201 + 0?
-201
In base 16, what is 10 - 316?
-306
In base 4, what is 3133 + -1?
3132
In base 6, what is 12 - -22?
34
In base 15, what is 10b8 - 0?
10b8
In base 11, what is 112 - -28?
13a
In base 15, what is -4 - -104d?
1049
In base 2, what is 100 + -10101?
-10001
In base 16, what is -1b - -2?
-19
In base 5, what is 3 + 40?
43
In base 3, what is 1100 + 102?
1202
In base 9, what is 0 + -135?
-135
In base 8, what is 21 - 22?
-1
In base 7, what is -21 + 1?
-20
In base 4, what is 13 + 20023?
20102
In base